 - 1. Let h be y(2). Let w = -369261 - -369274. What is the greatest common factor of h and w?
13
Let m be (0 + 2)/((-2)/(-45)). Let b = -365 - -399. Suppose -20*n = -b*n + 252. Calculate the greatest common factor of n and m.
9
Let b be (-84)/24*340/(-70)*301. Calculate the highest common divisor of b and 2408.
301
Let d(h) = -h**2 + 2*h + 8. Let n be d(4). Suppose n + 9 = -p + 4*l, -2*l = 3*p - 15. Suppose -p*z + 992 = z. Calculate the highest common factor of z and 31.
31
Suppose -44*j + 41*j + t + 218 = 0, -3*j - t + 214 = 0. Calculate the greatest common factor of j and 200.
8
Suppose 2867*m = 2747*m + 1822080. Calculate the greatest common factor of 73 and m.
73
Suppose -u + 1 = 0, -7 = v - 2*u - 2*u. Let j be v/24 + 405/(-24). Let s = j - -35. Calculate the highest common divisor of 12 and s.
6
Let a(r) = -14*r**2 + 7*r - 26. Let h be a(4). Let u = -216 - h. Suppose 7 = f - 2*c, 20 = 3*f + 2*c - 9. What is the greatest common divisor of u and f?
3
Suppose -3*x + 2*c = -1 - 0, 3*c - 12 = 0. Let f(z) = -1633*z + 4901. Let g be f(3). What is the highest common factor of g and x?
1
Suppose -14 + 134 = -4*n. Let r be (-6 + (-126)/n)/(6/(-20)). What is the greatest common factor of 20 and r?
2
Let g be (-8)/(16/23)*(-44)/2. Suppose 5*l = x - 6*x + 225, -3*x - 187 = -4*l. Calculate the greatest common divisor of l and g.
23
Let f(d) = d**3 - 4*d**2 - 7*d + 12. Let g be f(5). Suppose 0 = -c - g + 14. What is the greatest common factor of c and 204?
12
Suppose -4*w + 20170 = 5*d, -90*w + 85*w = -4*d + 16095. Calculate the highest common divisor of d and 10.
10
Suppose 3*h - 5 = -j, 4*h + j + 0*j - 5 = 0. Suppose h = 10*k - 36*k + 1170. What is the greatest common divisor of k and 9?
9
Let d be 5 - ((3 + -5)/(-2) + 2). Suppose 0 = n - 3*c, n + d*c - 7 = -2*c. What is the greatest common factor of 6 and n?
3
Suppose -79*a + 29434 + 589294 = 0. Calculate the greatest common divisor of a and 88.
88
Let k = -5631 + 5653. Calculate the greatest common divisor of k and 594.
22
Let g(f) = -3*f - 46. Let z be g(-18). Suppose -133 = -z*b + 587. Calculate the greatest common factor of 20 and b.
10
Suppose 0 = -164*x + 79*x + 72080. Calculate the greatest common factor of x and 64.
16
Let z be -5 - (-9)/((-81)/(-90)). Suppose -r + 3*k + 17 = -1205, k = z*r - 6082. What is the greatest common divisor of r and 16?
16
Let t(q) = q**3 + 15*q**2 + 10*q - 93. Let o be t(-13). Let m = o + -109. Calculate the highest common divisor of m and 366.
6
Let z be 288/(-10)*(164/(-12) + -3). Calculate the greatest common factor of 90 and z.
30
Let s be ((-385)/10)/1*836/(-11). Calculate the greatest common divisor of 532 and s.
266
Suppose 4*f = -4*k + 112, -5*k + 489 = -4*f + 349. What is the highest common divisor of 404 and k?
4
Suppose -1995 = -2*x - 323. What is the highest common factor of x and 88?
44
Let t = -14137 - -14199. What is the greatest common divisor of 11842 and t?
62
Suppose 4*f - 2*d - 682 - 1738 = 0, 2426 = 4*f + d. Suppose f = 20*r + 86. Let a = 172 - 107. Calculate the highest common divisor of a and r.
13
Suppose -3*i + 4 = -23. Let c = -315 + 321. Suppose -41 = -5*w + 5*z - c, -2*w - z = -2. Calculate the greatest common factor of w and i.
3
Suppose 4*w + 51 = 5*n - 44, -5 = n. Let t be (-244)/w - 24/180. Suppose c - 128 = -c. What is the highest common factor of c and t?
8
Suppose 0*u = -u + 207. Suppose 3*v + c - 72 = 2*c, 34 = 2*v + 4*c. Suppose 4*a - a + 4*o = 69, -3*o = a - v. What is the greatest common divisor of a and u?
23
Suppose -579 = -11*o + 224. Suppose 17 - o = -8*i. What is the highest common divisor of i and 56?
7
Let h = -1324 - -1354. Calculate the highest common factor of h and 6285.
15
Let z(v) = -v**3 - 4*v**2 + 2*v + 1. Let h be z(-5). Let s = 2273 + -1801. Suppose -s*d + 463*d = -1584. Calculate the greatest common divisor of d and h.
16
Suppose 2*k - b = 8, -b = 18*k - 15*k - 2. Let h = -2 + 3. Let n be ((-12)/(-1) + k)*h. What is the greatest common divisor of 126 and n?
14
Let h(n) be the second derivative of n**4/12 + n**3/6 + 2*n**2 - 66*n. Let f be h(7). What is the highest common divisor of f and 180?
60
Let p = -101 + 73. Let u be -3 + (-57)/(-21) - 1268/p. What is the greatest common factor of u and 135?
45
Suppose 60*r + 80*r = 30*r + 3740. What is the highest common factor of r and 46?
2
Let i = -2939 + 2991. What is the highest common factor of i and 8?
4
Suppose 4*t - r = 149, 4*r - 53 = -t - r. Let o = -341 + 531. Calculate the highest common divisor of o and t.
38
Let y(l) = 8*l**2 - 6*l - 7. Let v = -176 + 77. Let f = -101 - v. Let k be y(f). What is the highest common factor of 37 and k?
37
Let o(z) = -209*z - 1971. Let y be o(-10). Calculate the highest common divisor of 646 and y.
17
Let g(p) be the first derivative of -85*p**2/2 - 25*p + 18. Let z be g(-9). Suppose z + 60 = 5*r. What is the greatest common divisor of r and 20?
20
Suppose 3 = 5*f - 4*f. Let l be (-27)/(-3)*(-1)/(-9) - -1. What is the greatest common factor of l and f?
1
Suppose 76 - 323 = -5*g - 3*k, -g = -5*k - 55. Suppose -h + 65 = r + 47, -3*r - 4*h = -g. What is the highest common divisor of r and 176?
22
Suppose 14750 = 21*k + 6056. What is the highest common factor of 1962 and k?
18
Let q(w) = 13*w**2 + 57*w - 674. Let i be q(11). What is the greatest common factor of i and 14?
14
Suppose 3*m + 109 = 4*o, 5*m + 0*m - 87 = -2*o. Let l = o + -113. Let c be (5 - 4)/(-4) - l/8. What is the highest common factor of 25 and c?
5
Let y(g) = 4*g**3 - 2*g**2 - g + 3. Let w be y(3). Let b be -5*(0 + (-28)/(-35)). Let v be 12/(-18)*(5 + 74/b). What is the highest common divisor of v and w?
9
Let a(d) = 2*d**2 - 6*d + 1. Let y be a(4). Let t be 86 + -1 + -46 + 42. Suppose -78*k - 54 = -t*k. What is the greatest common divisor of y and k?
9
Let v(l) = -l**3 + 9*l**2 + 5*l - 48. Let a be v(9). Let o be (104/(-8))/(a/(-2 + 17)). What is the highest common divisor of o and 25?
5
Let h be (0 + 4 - 0)*1. Suppose h*z = -d - 0*d + 77, -d + 81 = 3*z. Calculate the highest common factor of d and 186.
93
Suppose 16*s + 3*s - 3648 = 0. Let d = s - 178. What is the highest common factor of 14 and d?
14
Let k = 195 - 141. Let j be (-318)/(-9)*k/12. Calculate the highest common factor of j and 53.
53
Let z = 6689 + -3683. What is the greatest common divisor of z and 216?
18
Let o be (-469)/(-91) - 6/39. Let d(k) = -k**3 + 7*k**2 - 9*k + 17. Let b be d(o). What is the highest common factor of 99 and b?
11
Suppose -413*m = -564*m + 3926. Suppose 0*w + 4*w - 568 = 4*r, -288 = -2*w - 2*r. What is the highest common factor of m and w?
13
Let x(r) = -r**3 + 91*r**2 - 180*r + 212. Let n be x(89). What is the greatest common factor of 8500 and n?
34
Let y = -3 + 12. Suppose -5*o - 10 = 0, 15 + 125 = 5*s + 5*o. Let t be ((486/s)/3)/(3/45). Calculate the greatest common factor of y and t.
9
Let c = -250 + 393. Suppose -4*u + 13*l - 14*l = -39, 5*l - 30 = -5*u. What is the greatest common divisor of u and c?
11
Let r be 11/(44/32) - 4. Suppose 3*q = -r*h + 53, q - 5*h = -7 - 7. Suppose k = -0*k + q. What is the highest common factor of k and 99?
11
Suppose 8*v - 3*v - 645 = 0. Let w be ((-240)/(-20))/6 + (1 - (-2 + 2)). What is the highest common factor of v and w?
3
Let r(h) = h**3 + 17*h**2 + 29*h - 12. Let a be 3*-5*(89 + -88). Let q be r(a). Calculate the greatest common factor of q and 51.
3
Suppose 3*s + 2*o = 356 + 640, 3*o + 1294 = 4*s. Calculate the highest common divisor of s and 104.
8
Let k be (2 + -1 - 0)/(3/(-48)). Let m = k + 42. Suppose -52 = -3*l - l. What is the greatest common divisor of m and l?
13
Let u be 3*(-148)/(-24)*2. Suppose -5*s + 112 = u. Let i be 5/s*(-18)/(-3). Calculate the greatest common factor of 3 and i.
1
Let x(v) = 5*v**3 + 2 + 2*v**2 + 1 + 6*v**3 - 2*v + 5*v**3. Let s be x(2). Suppose -90*a = -115*a + 375. Calculate the highest common divisor of a and s.
15
Let y be ((-217)/(-2))/(482/5784). Calculate the highest common factor of y and 4991.
217
Suppose 3*w - 14617 = 7463. What is the highest common divisor of w and 115?
115
Let i = 5953 + -4680. Calculate the greatest common factor of i and 19.
19
Suppose 21 = 13*u - 5. Suppose -951 = -4*h - 3*j, 0*h - u*j = -4*h + 926. Let t be (-36)/h - 732/(-26). What is the greatest commo